te number?
True
Is 12035172379 prime?
True
Is 292682921 composite?
False
Is 12062993119 prime?
False
Is 109203114001 prime?
False
Is 12272396473 composite?
True
Is 31801507889 a prime number?
True
Is 3357634663 a composite number?
True
Is 19900018121 a prime number?
False
Is 288180679 composite?
True
Is 5970765391 composite?
False
Is 154029727 composite?
False
Is 40552582063 prime?
False
Is 6490824853 a composite number?
False
Is 3502037993 a prime number?
True
Is 115135259 prime?
True
Is 923275363 prime?
True
Is 75308185885 a prime number?
False
Is 840905977 prime?
True
Is 21569180309 a composite number?
True
Is 10894141051 prime?
True
Is 15063073 a prime number?
True
Is 19961357911 prime?
False
Is 2203486391 a prime number?
False
Is 458042003 a prime number?
True
Is 573016391 a composite number?
False
Is 18423844883 prime?
False
Is 35270657189 a prime number?
False
Is 2249313439 a prime number?
False
Is 24546622579 a composite number?
True
Is 146951231965 prime?
False
Is 10998411199 composite?
False
Is 551382815 prime?
False
Is 99106298027 prime?
False
Is 11290012999 composite?
True
Is 16744403447 prime?
False
Is 263389879 composite?
False
Is 4449559097 a prime number?
False
Is 864672017 prime?
False
Is 8507793101 a composite number?
True
Is 32539289 a composite number?
False
Is 3178379801 prime?
False
Is 2712550723 a prime number?
False
Is 1425375247 prime?
True
Is 688134949 composite?
False
Is 422252419 prime?
True
Is 329685061 composite?
False
Is 989952281 composite?
False
Is 5117881753 prime?
True
Is 259020005 prime?
False
Is 764077654 a prime number?
False
Is 7896647321 composite?
False
Is 791726977 prime?
True
Is 252195299 a composite number?
True
Is 5028965309 prime?
True
Is 2099768122 a prime number?
False
Is 33879839 prime?
False
Is 6221608327 a composite number?
True
Is 55137084109 a prime number?
True
Is 179022982 a prime number?
False
Is 17857428731 a prime number?
True
Is 75138983 a prime number?
True
Is 1084870957 a prime number?
False
Is 83773826761 a prime number?
True
Is 5841816139 composite?
True
Is 668523551 prime?
True
Is 134713832249 a prime number?
False
Is 3300088873 a composite number?
False
Is 60609707 prime?
False
Is 10445392919 a prime number?
False
Is 4904519953 a prime number?
True
Is 2751292513 prime?
False
Is 724749959 prime?
True
Is 6178815779 a prime number?
True
Is 47583667687 prime?
False
Is 1439542789 a prime number?
False
Is 248665993 prime?
True
Is 4275044101 prime?
True
Is 83519977 prime?
True
Is 3454266421 prime?
False
Is 258229379831 a prime number?
True
Is 5560085837 a prime number?
False
Is 92109985693 prime?
False
Is 55914842315 prime?
False
Is 1447811587 composite?
False
Is 601090069 a prime number?
False
Is 7730630267 a composite number?
True
Is 1275606389 composite?
False
Is 42989279101 composite?
True
Is 6763234103 a composite number?
False
Is 1377376961 a composite number?
False
Is 168621447427 composite?
False
Is 1502720239 a prime number?
False
Is 1027638707 a composite number?
False
Is 1622829251 composite?
True
Is 1441141439 a composite number?
False
Is 1733031497 a prime number?
True
Is 40526517743 composite?
False
Is 1371611237 a prime number?
True
Is 39128030599 prime?
False
Is 14175289019 a prime number?
False
Is 71230465847 a prime number?
True
Is 18181959053 a composite number?
True
Is 204832093 a composite number?
True
Is 919316521 a composite number?
True
Is 52427157689 prime?
True
Is 3945289079 composite?
True
Is 51309063154 a prime number?
False
Is 2168684057 composite?
False
Is 1256588665 prime?
False
Is 22202529946 a prime number?
False
Is 71109904451 composite?
False
Is 120273731 a composite number?
False
Is 2034203201 a prime number?
True
Is 64544359261 a prime number?
False
Is 359839211 prime?
False
Is 2849823089 a prime number?
True
Is 8359680779 a prime number?
True
Is 524422577 prime?
False
Is 19653187781 a prime number?
True
Is 2017775653 a composite number?
False
Is 3562230013 a prime number?
True
Is 12701971343 a composite number?
False
Is 74797155943 a composite number?
True
Is 55611456409 a prime number?
False
Is 2433691327 prime?
True
Is 39124084127 composite?
False
Is 311864644573 prime?
True
Is 26001232457 a prime number?
True
Is 287953009 a composite number?
True
Is 40003140829 prime?
False
Is 133323644237 composite?
True
Is 22382882069 prime?
True
Is 6229949399 a composite number?
True
Is 24430996981 prime?
True
Is 288747477083 composite?
True
Is 726188543 composite?
True
Is 28504148059 composite?
False
Is 15528434937 a composite number?
True
Is 22064414429 prime?
False
Is 971976983 a composite number?
False
Is 439125979 composite?
False
Is 935234023 prime?
True
Is 507137171 prime?
False
Is 233658806041 a prime number?
False
Is 169989283 composite?
False
Is 126719964051 prime?
False
Is 15699436309 a prime number?
False
Is 2725177093 a composite number?
False
Is 57264731 a composite number?
True
Is 5114255831 a composite number?
False
Is 8467271927 a composite number?
True
Is 1314298361 a prime number?
False
Is 1934018693 a composite number?
False
Is 2645115877 a composite number?
False
Is 133378258298 composite?
True
Is 120221867 composite?
False
Is 33828073 a prime number?
False
Is 679856381 composite?
True
Is 5311741871 prime?
True
Is 3821428531 a composite number?
False
Is 423770489 a prime number?
False
Is 3201497491 prime?
False
Is 447515771 prime?
True
Is 30495516089 a prime number?
False
Is 575475349 prime?
True
Is 1802018227 a composite number?
False
Is 10242952507 prime?
False
Is 12601273301 a prime number?
True
Is 98302877 composite?
True
Is 16739172914 a composite number?
True
Is 28415749 a prime number?
True
Is 124505063 a prime number?
False
Is 36378127 a prime number?
False
Is 4066001507 prime?
True
Is 5253661099 a prime number?
True
Is 17064266441 a prime number?
True
Is 2887177481 a composite number?
False
Is 828378383 a prime number?
False
Is 741921898 composite?
True
Is 1442599661 composite?
False
Is 60471805949 composite?
False
Is 469686869 composite?
True
Is 4121312677 a prime number?
True
Is 27881146091 prime?
False
Is 79154492507 a composite number?
False
Is 170553335 a composite number?
True
Is 70850699 a prime number?
True
Is 5110554509 a prime number?
True
Is 126252443 composite?
True
Is 419957189 a prime number?
True
Is 3777765967 composite?
True
Is 3150205313 a prime number?
False
Is 6988758941 prime?
False
Is 4347248251 a prime number?
True
Is 44266450133 prime?
False
Is 2123008957 a composite number?
False
Is 11873917637 a prime number?
True
Is 351671119 a composite number?
False
Is 75350953823 a composite number?
False
Is 961241053 composite?
False
Is 12240005987 a composite number?
True
Is 28897137043 prime?
False
Is 6239654237 prime?
True
Is 43897913339 a prime number?
False
Is 1921232119 prime?
True
Is 245111313413 composite?
False
Is 927166363 prime?
False
Is 826403939 prime?
True
Is 7157265979 a composite number?
False
Is 76892963963 a prime number?
False
Is 7272934073 prime?
False
Is 921970219 a prime number?
True
Is 6173076817 prime?
False
Is 3241508539 a prime number?
False
Is 1171675873 a prime number?
True
Is 162684413 composite?
True
Is 2011533373 a prime number?
True
Is 105027956549 composite?
False
Is 89851999051 a composite number?
True
Is 618201251 a prime number?
True
Is 8557491431 a prime number?
True
Is 1847525387 composite?
True
Is 13554928067 prime?
False
Is 4232381333 composite?
True
Is 574822273 a prime number?
False
Is 68839416291 a composite number?
True
Is 87411031429 a prime number?
False
Is 29778831931 a composite number?
True
Is 5982137218 a prime number?
False
Is 48645627193 prime?
True
Is 2942062667 a composite number?
False
Is 162545077859 composite?
False
Is 771338651 a prime number?
True
Is 3488910589 prime?
True
Is 26705226397 composite?
False
Is 317804759 a composite number?
True
Is 137598613 prime?
True
Is 972622061 composite?
True
Is 1377655283 prime?
False
Is 187929106421 composite?
True
Is 109836527 composite?
False
Is 3633121 a prime number?
False
Is 588776777 composite?
False
Is 36665074247 composite?
True
Is 2139660781 prime?
False
Is 432966461 composite?
True
Is 895063033 a composite number?
True
Is 15955750319 prime?
True
Is 101545354217 prime?
True
Is 214984177 a composite number?
Fa